of m and 9.
1
Let a be (-2)/(-8) + 35/4. Let i = -1063 + 1306. Calculate the greatest common factor of a and i.
9
Let d = -37 + 43. Calculate the greatest common divisor of 282 and d.
6
Let n(k) = k**2 + 3*k - 14. Let t be 6/(-2) + 5 + -8. Let f be n(t). Suppose 2*s - 22 = f*v, 2*v = -0*v - 2. Calculate the highest common divisor of s and 36.
9
Let j be (-3)/2 - (-3)/6. Let g be 2 + j + 12 - 0. Suppose -2*x = -3*w - 2*w - 110, -2*w = 3*x - 203. Calculate the greatest common factor of g and x.
13
Let n(o) = -o**3 + 7*o**2 - 8*o + 17. Let m be n(6). Let w be 39*2*(1 - m/6). Calculate the greatest common divisor of w and 13.
13
Suppose l + 4*j + 2 = -0, -2*l - 5*j = -5. Let o be (-11 - -1)/(-1 + 0). Calculate the greatest common factor of o and l.
10
Suppose 3*s - 6 + 48 = 4*t, 0 = -2*t + 4*s + 16. Let y = t - -1. What is the highest common divisor of y and 26?
13
Suppose -6*q + 64 = -2*q. Let u = 3 + -20. Let f = -1 - u. Calculate the greatest common factor of f and q.
16
Suppose -51*p = -77*p + 5720. What is the highest common divisor of p and 55?
55
Suppose -286 = l - 27*l. Calculate the highest common factor of l and 1.
1
Let a = -115 + 180. Let r = a + -53. Calculate the highest common divisor of r and 12.
12
Let r = 61 + -61. Suppose 0 = -r*p + 4*p - 32. Calculate the highest common factor of p and 40.
8
Suppose -9*w = -10*w - 2. Let f = w - -101. Suppose 3*i - 2*d - 206 = 0, 326 = 5*i - 2*d + 3*d. Calculate the highest common factor of i and f.
33
Suppose 2*k = 3*v - 11, k - 2*k - 2 = 2*v. Let l be (v - (-30 + 4))/1. Let w = l - 18. Calculate the greatest common divisor of w and 27.
9
Let c = 77 + 157. Suppose 3*x + 4*b - 59 = 0, -3*x + 21 = -5*b + 7. Calculate the highest common divisor of x and c.
13
Suppose -3*c + 5 = 2*c. Let g(h) = 34*h - 1. Let l be g(c). Let k(q) = 5*q**3 - 6*q**2 + 3*q. Let j be k(2). Calculate the greatest common factor of l and j.
11
Let y = -33 - -50. Suppose -y - 7 = -2*f. What is the greatest common factor of 4 and f?
4
Let m be ((-37)/(-6)*-4)/(56/(-924)). Calculate the greatest common factor of m and 74.
37
Suppose 17*x - 13*x - 4*g = 840, -2*x + 420 = 5*g. What is the highest common factor of 42 and x?
42
Suppose 5*c - 3*k = 20 + 55, -5*c - 2*k = -75. What is the highest common divisor of c and 240?
15
Let n be (-6)/4*(-8)/(-6)*-7. Suppose z + 14 = 4*w, -2*z - 4*w + 6 = -n. What is the highest common factor of 16 and z?
2
Suppose 2*d - 5303 = -1919. Calculate the greatest common divisor of 36 and d.
36
Let c(q) = -19*q**3 + 2*q**2 - q - 1. Let r be c(-2). Let n = -1492 + 1515. What is the highest common factor of r and n?
23
Let u(a) = a**3 + 18*a**2 + 12*a - 63. Let m be u(-17). What is the greatest common factor of m and 77?
11
Let i(m) = 2*m**3 - m**2 - 12*m + 8. Let n be i(3). Calculate the greatest common factor of 221 and n.
17
Suppose 5*y - 19*z = -17*z + 181, -3*y + 111 = -2*z. Calculate the greatest common factor of y and 1015.
35
Let n(b) = 3*b**2 - 17*b + 14. Let k be n(7). Calculate the greatest common divisor of 231 and k.
21
Suppose 0*f - 2 = -3*f + x, 0 = -3*f + 4*x + 8. Let p be (-5 - (-37)/5)*135/(-6). Let j = f - p. Calculate the greatest common divisor of j and 6.
6
Let x(q) = 15*q**2 + 4*q + 1. Let m be x(-1). What is the highest common divisor of m and 36?
12
Let r be (-43 + 45)/(2/34). Calculate the highest common factor of 544 and r.
34
Let u(z) = 101*z - 138. Let w be u(2). What is the highest common factor of w and 104?
8
Suppose -5*s - 2*u = -5655, 3*u + 1148 = 7*s - 6*s. Calculate the highest common divisor of 103 and s.
103
Suppose -3*u + 4*y = -75, -u + 9 + 16 = -2*y. Let m = -175 + 40. Let o be (100/6)/((-10)/m). Calculate the highest common divisor of o and u.
25
Let n = 109 - 49. Let t be (-9 - -8)*(-2)/(-2). Let o be (-6 + 21)/(0 - t). Calculate the highest common divisor of n and o.
15
Let l(w) = w**3 + 7*w**2 - 3*w + 8. Let g be l(-7). Let v(i) = 6*i - 19. Let d be v(5). Let z be 1*2 + 297/d. What is the highest common divisor of z and g?
29
Suppose -13*o - 1 = -s - 12*o, 5 = 2*s - o. What is the greatest common factor of s and 1?
1
Let z be 12/66 + 20/11. Let j be -66*((-6)/3)/z. Suppose 0 = 7*t - 4*t - 18. Calculate the greatest common divisor of j and t.
6
Let c(z) be the second derivative of -z**5/20 + 5*z**4/12 + z**3/3 - z**2/2 - 24*z. Let x be c(5). What is the highest common divisor of x and 9?
9
Let k(n) = -n**3 - 2*n**2 - 14*n - 10. Let u be k(-7). Suppose -45 = 3*i - u. What is the highest common divisor of 24 and i?
24
Let f(t) = -11*t - 54. Suppose 30 = -4*k + 6. Let q be f(k). What is the highest common factor of q and 3?
3
Let a(v) = v + 17. Let m be a(-15). Suppose -m*i + 5*y + 0*y + 230 = 0, 4*i - 436 = 4*y. What is the greatest common divisor of 35 and i?
35
Suppose 2*v - 3*v + 5 = 0. Let i be (0 - 2) + 17/(255/1005). Calculate the highest common divisor of i and v.
5
Suppose 3*t - 5*n - 26 - 32 = 0, -4*n - 53 = -3*t. Suppose -185 = -5*z - 7*v + 2*v, 5 = v. Let f = z + -10. Calculate the greatest common divisor of f and t.
11
Suppose z - 2*j + 9 = 2*j, -3*z + j - 5 = 0. Let u be z/((-8)/(-4))*38. Let q = -11 - u. What is the greatest common factor of 8 and q?
8
Suppose 2*g + 2*z = -47 + 3, 4*g - 3*z = -88. Let y = -10 + g. Let b be 8/y + (-57)/(-4). What is the greatest common divisor of 2 and b?
2
Let m = -83 - -146. What is the highest common factor of 84 and m?
21
Let m = 318 + -311. Let u be 2/(-3) + (-466)/(-6). Calculate the greatest common factor of m and u.
7
Suppose s + 5*l = -17, -l = -16*s + 17*s + 1. What is the highest common factor of s and 69?
3
Suppose 3*m - 36 = -0*m. Calculate the greatest common factor of m and 840.
12
Let b = 9 - 2. Suppose -b*x + 2*x = -350. What is the greatest common factor of 28 and x?
14
Suppose -13*a = -4*a - 468. Calculate the greatest common divisor of 208 and a.
52
Let q(c) = -2*c**3 - 28*c**2 - 3*c - 48. Let x be q(-16). Calculate the highest common divisor of 8 and x.
8
Suppose 18 = 6*w - 0*w. Let c(a) = -2*a + 33*a - 3 - 4*a. Let p be c(w). Calculate the highest common divisor of 117 and p.
39
Let x = 33 - 5. Suppose -4*k + 9 - 33 = -2*z, x = 3*z - 2*k. What is the highest common divisor of 24 and z?
8
Let k(v) = -13*v - 3. Suppose 5*d - 3*n + 9 = 3*d, -4*n + 4 = 0. Let f be k(d). Let q = 9 - 3. Calculate the greatest common factor of q and f.
6
Let x be 66/(-6)*((-1)/1 + -1). What is the greatest common divisor of 55 and x?
11
Suppose 3*y = -k + 142, -152 = -k - 0*k + 7*y. What is the greatest common factor of k and 377?
29
Let i = 1513 + -1499. Let a(u) = -27*u + 2. Let c be 4 + -3 - (2 + 1). Let g be a(c). What is the greatest common factor of i and g?
14
Suppose -2*y - 1 = 7. Let d = y + 16. Let v = 38 + -30. What is the highest common factor of d and v?
4
Let y(w) = -w**3 - 3*w**2 - w - 5. Let o be y(-4). Let q = -44 - -49. Suppose -134 + 209 = q*v. What is the highest common factor of o and v?
15
Let x(l) = -l. Let d be x(-3). Suppose 8*t - 13*t + 95 = 0. Let q be (2*(t - 1))/((-9)/(-6)). What is the highest common divisor of q and d?
3
Let i(u) = -109*u**3 + u**2 + 7*u - 1. Let o be i(-2). What is the highest common divisor of o and 105?
21
Suppose 0*w + a + 175 = w, -3*w + 4*a = -530. Calculate the highest common divisor of w and 20.
10
Let z(m) = 2*m**2 + 60*m - 186. Let w be z(-33). Calculate the highest common factor of 132 and w.
12
Let x be 0 + 1 - 1740/(-20). Calculate the highest common divisor of 77 and x.
11
Suppose 20 = -f + 2*f. Suppose -2*u = 2*g - 20 - 76, -g - 2*u = -46. Suppose -15*a - g = -f*a. Calculate the greatest common factor of 30 and a.
10
Let d be 4/6*-1 + 340/6. Let w = -20 + d. Calculate the greatest common factor of w and 4.
4
Let u(m) = m**3 + 6*m**2 + m + 4. Let g be u(-5). Suppose p - 29 = 4*o, -3*p + 82 + 21 = 4*o. Let l = p - g. What is the greatest common factor of 72 and l?
9
Let c(u) = 6*u. Let j be 6/(1 - 0/(-1)). Let f be c(j). What is the greatest common divisor of 180 and f?
36
Suppose 21*d - 824 - 76 = 2040. Suppose 0 = -5*v + 32 + 18. What is the highest common factor of d and v?
10
Let p = -1300 + 1370. What is the greatest common factor of 1330 and p?
70
Suppose 2*s - 5*s = 4*y + 13, 2*s + 10 = -4*y. Let r be (9/(-3) - (68 - -1))/y. What is the highest